ime factors of u.
2, 3
Suppose 451 = 5*n - 3*d, 4*n - d - 313 - 52 = 0. What are the prime factors of n?
2, 23
Let o(m) = m**2 - m + 2. Let j(c) = 3*c**2 - c + 4. Let w(n) = -2*j(n) + 5*o(n). What are the prime factors of w(-3)?
2
Let l(o) = -2*o**2 + 0*o**2 + 2*o**2 - 13*o + o**2. List the prime factors of l(14).
2, 7
Let i = 41 + -7. Let j = i + -13. List the prime factors of j.
3, 7
Suppose 0 = -5*v + 3*y + 13, -4*v + 3*y = 1 - 12. Suppose 5*w - 5 = -v*a, -4*w = -4*a - 2*w + 22. List the prime factors of a.
5
Let s be 2/10 - 1074/(-30). Suppose 4*o + s = 128. List the prime factors of o/5 - (-2)/5.
5
Suppose -2*u + 12 = u. Let c(a) = -a**2 + u + 2*a**2 - 2. What are the prime factors of c(-2)?
2, 3
List the prime factors of (2/3)/(1/(5382/12)).
13, 23
What are the prime factors of (-220)/(-1) - -3*36/(-27)?
2, 3
Suppose -2*i + 0*i = -10. Suppose 2*p - 11 = -3. Suppose -p*x + 19 = -i. List the prime factors of x.
2, 3
Let l = -5 - -8. Suppose l*k - 2 - 46 = 0. List the prime factors of k.
2
Let q = 19 + -36. Let a = q + 25. What are the prime factors of a?
2
List the prime factors of 4*532/(-42)*-1*3.
2, 19
Let a(j) = j**2 + 2*j + 7. What are the prime factors of a(0)?
7
Let b = 45 - 21. List the prime factors of b.
2, 3
Let t = 7 - 10. Let v(q) = 7. Let b(p) = p - 1. Let x(k) = t*b(k) - v(k). What are the prime factors of x(-5)?
11
Suppose 2*a + 5*m = 31 + 3, -94 = -4*a + 3*m. What are the prime factors of a?
2, 11
Let k(v) = -8*v + 5. Let y be k(-10). Suppose d = -i + 11 + 12, -5*d - y = -5*i. List the prime factors of i.
2, 5
List the prime factors of (178/(-4))/(5/(-30)).
3, 89
What are the prime factors of 4/(-1) + (-4)/12*-27?
5
Suppose 2*y + m = -2*y + 642, -2*y - 2*m + 318 = 0. What are the prime factors of y?
7, 23
Let x(o) = o**2 - o - 8. What are the prime factors of x(-7)?
2, 3
Let u(q) be the third derivative of -q**6/120 - q**5/15 + q**4/4 + 7*q**3/6 - 5*q**2. List the prime factors of u(-5).
2
Suppose 12 = 5*o - o. Suppose 3*q - 28 = -5*r, o*q - 2 - 30 = -r. List the prime factors of q.
11
Let w(j) = j + 31. What are the prime factors of w(0)?
31
Let s = -143 - -210. What are the prime factors of s?
67
Let z(r) = 8*r**2 - 4*r - 10. What are the prime factors of z(6)?
2, 127
Let z be -1 + 3 - (-17 + 3). Suppose -3*q - q + z = 0. What are the prime factors of q?
2
What are the prime factors of (-598)/(-6) + (-4)/(-12)?
2, 5
Suppose -y + 11 = -2*h, -4*y + 113 = h + 24. Suppose -5*s + y = 6. Suppose -48 = -5*j - s. List the prime factors of j.
3
Suppose 5*h = -5*j + 140, -12 = 3*h + h. Suppose b + j = 5*i, -3*i - 5*b + 4*b + 17 = 0. List the prime factors of i.
2, 3
Let h = -22 + 49. Suppose -2*c + 5*c - h = 0. List the prime factors of c.
3
Let y = 69 - -156. List the prime factors of y.
3, 5
Suppose -5*g = 5, u + 4*g - 84 = -3*u. Suppose 0 = -2*j + 2*o + 3*o + u, -14 = -2*j + 3*o. Let f = j - -1. What are the prime factors of f?
2
Suppose 41*n - 150 = 39*n. List the prime factors of n.
3, 5
Let y(q) = 8*q**2 + 2*q + 1. List the prime factors of y(-2).
29
Let f(r) = -2*r - 2. Let z be f(-2). Suppose -2*u = z*u. Let g = u - -2. List the prime factors of g.
2
Let i(q) = -q**3 + 16*q**2 + 19*q + 21. List the prime factors of i(17).
5, 11
Suppose -1358 = -5*p - d, -d - 1370 = -5*p + 4*d. List the prime factors of p.
2, 17
Let s = 645 + -459. What are the prime factors of s?
2, 3, 31
Let w(v) be the first derivative of -v**4/4 - v**3 + 5*v**2/2 + 6*v + 1. Let f be w(-4). List the prime factors of (-5 + 0)*-2 + f.
2, 3
Suppose -2*y - 4 = 8. Let p be y/15 - (-17)/5. Suppose 6 + p = g. What are the prime factors of g?
3
List the prime factors of (6 - 1) + (-6386)/(-31).
211
Suppose -3 + 18 = 5*z. Let i(x) = -x**2 + 6*x + 1. What are the prime factors of i(z)?
2, 5
Suppose -3 + 0 = -p - 2*v, -p - 18 = -5*v. Let z be 2*(-3)/6*p. Suppose -32 = -t - z*t. List the prime factors of t.
2
Let m = 41 - -5. List the prime factors of m.
2, 23
Let f(j) = j**2 + 6*j + 7. Let l be f(-5). List the prime factors of l + (1 - (1 + -2)).
2
Suppose 0 = 3*b - 0*b + 93. Let v = 48 + b. Let u = v - -4. What are the prime factors of u?
3, 7
Let w(a) be the first derivative of -7/2*a**2 - a - 2. What are the prime factors of w(-2)?
13
Let r(h) = -h - 4. Let v be r(-7). Suppose 4*p + v*n = 60, -4*n = -2*p + 25 + 27. Suppose p = 4*z - 22. What are the prime factors of z?
2, 5
Let r(a) = 36*a**3. Let d be r(-1). Let n = d - -79. What are the prime factors of n?
43
Let n(b) = -b**3 + 6*b**2 + 8*b - 10. Suppose 0*v - 21 = -3*v. Let c be n(v). List the prime factors of ((-8)/c)/(6/27).
2, 3
Let f(s) = s + 5. List the prime factors of f(5).
2, 5
Let l = 8 - 5. List the prime factors of l.
3
Suppose 5*p = 20 - 0. Let n(h) = h - 1. Let k(b) = -9*b + 10. Let x(a) = -k(a) - 5*n(a). What are the prime factors of x(p)?
11
Suppose 4*q - 4 + 32 = 0. Let t = q + 14. List the prime factors of t.
7
Let y(m) = m + 15 - 7 + 5. Let z be y(0). Let v = 1 + z. List the prime factors of v.
2, 7
Suppose -5*d = -4*h - 55 - 64, 5*d - 116 = h. Let g = d - -6. What are the prime factors of g?
29
Let h(s) = 11*s**2 + 7*s - 2. List the prime factors of h(-5).
2, 7, 17
Suppose 0 = 2*b + 6, 3*b = -o - 0*o - 6. Suppose -o*u = 2 - 8. Suppose r - 6 + u = -3*d, -d - 1 = 0. What are the prime factors of r?
7
Let d = -56 - -163. List the prime factors of d.
107
Suppose -3*n + 132 = -5*b, -3*b + 14 = 4*n - 133. What are the prime factors of n?
3, 13
Let h(a) = -a**3 + 4*a**2 - 3*a + 1. Let i be h(3). Suppose -g + 4 = i. Suppose f + 3*y + 1 + 0 = 0, -g*f - y + 13 = 0. What are the prime factors of f?
5
Let p be 2/7 + (-120)/(-70). Suppose -p = -c + 2. What are the prime factors of c?
2
Suppose -6*b + 3*b + 15 = 5*f, -f + 2*b + 3 = 0. Suppose f*l = -5*c + 6, c = 6*c. What are the prime factors of l?
2
Let b = 39 - -24. What are the prime factors of (16/(-6))/((-6)/b)?
2, 7
Suppose -3*s + n = 63, 5*n = -2*s + 6*s + 95. List the prime factors of (9/6)/((-3)/s).
2, 5
Let w(v) = 6*v**2 + 5*v - 12. What are the prime factors of w(5)?
163
Let y(z) = 56*z - 1. What are the prime factors of y(2)?
3, 37
Suppose 0*j + 4*j = -3*c + 42, -39 = -3*c - 3*j. Suppose -5*w + c = 0, -4*d = -2*d - 5*w. What are the prime factors of 15/(-2)*(-8)/d?
2, 3
Suppose 4*d = -3*q + 24, d - 5*q = -2*q + 6. Let s(l) = 4*l - 8. List the prime factors of s(d).
2
Let t(a) = -a + 4. List the prime factors of t(-11).
3, 5
Let d(b) = -b**2 + 11*b + 14. Let v be d(12). Let a(f) = 16*f + 1. Let i be a(v). Let h = i + -11. List the prime factors of h.
2, 11
Suppose u - s - 8 = -3*s, -s = 4*u - 67. Suppose 3*z = -3*r + 5*z - 22, 3*z = -3*r - 27. Let n = u + r. List the prime factors of n.
2, 5
Suppose y + 5 = 2*i, 4*y + 16 = 2*i + 2*i. Let a be (-1)/3 - 1/y. Suppose 3*c - 8 - 10 = a. List the prime factors of c.
2, 3
Suppose 2*z - 59 = -5. Suppose 5*l + 5*n + 10 = 70, 2*l - n = z. List the prime factors of l.
13
Suppose -7*n = -4*n - 21. What are the prime factors of n?
7
Let f(m) = m**2 + 8*m + 7. Let l be f(-6). Let s(g) = -g**3 - 5*g**2 - 5*g - 3. Let z be s(l). Suppose -r - z = -3*r. List the prime factors of r.
11
Suppose 0 = -4*u - 5*j + 85, -3*u + 67 = 3*j + 4. List the prime factors of u.
2, 5
Let m be -73*2/((-2)/(-1)). What are the prime factors of 5/10 - m/2?
37
Suppose -j + 5*p + 38 = 0, -2*p + 4*p = 4*j - 134. What are the prime factors of j?
3, 11
Suppose 17 = 4*q - 3. Let a = 10 - 7. Suppose -a*h - 49 = -q*z, 3*h - 4 = 2*z - 29. List the prime factors of z.
2
Let v be 3 + -1 + 1 + -2. Let x(y) = 12*y + 1. List the prime factors of x(v).
13
Let a(j) = j**2 - 4*j. List the prime factors of a(-3).
3, 7
Let w(k) = -k**2 - 9*k + 5. Let x be w(-9). Suppose -4*s - 4*o = -1 - 15, x*o + 22 = 2*s. What are the prime factors of s?
2, 3
Let w(o) = o**3 - 4*o**2 - 7*o - 5. Let g be w(6). Suppose 4*r - g = -r. Suppose 15 = 2*f - 3*m, f - r*f + 2*m + 42 = 0. What are the prime factors of f?
2, 3
Suppose -2*y + 75 = y. Let m be y/9 + (-2)/(-9). Suppose 4*n = m*s, -4*n + 9 = -3. List the prime factors of s.
2
Let h(y) = -20*y - 1. What are the prime factors of h(-1)?
19
Let d be ((-9)/4)/((-9)/24). Let u(p) be the first derivative of -p**2/2 + 11*p - 4. List the prime factors of u(d).
5
Suppose -5*l - 26 = -116. Suppose 3*n - l = -3. Suppose